{"id":71,"date":"2026-05-16T21:41:47","date_gmt":"2026-05-16T19:41:47","guid":{"rendered":"https:\/\/suioryu.pl\/?page_id=71"},"modified":"2026-05-16T21:47:29","modified_gmt":"2026-05-16T19:47:29","slug":"shibu-polska","status":"publish","type":"page","link":"https:\/\/suioryu.pl\/?page_id=71","title":{"rendered":"Shibu Polska"},"content":{"rendered":"<p>W marcu 2017 roku podzas jednej z naszych wizyt w Japonii\u00a0 S\u014dke Katsuse Yoshimitsu Kagehiro ustanowi\u0142 w Polsce oficjalne przedstawicielstwo szko\u0142y Sui\u014d-ry\u016b (Shibu). Osobami odpowiedzialnymi za utrzymanie tradycji i organizacj\u0119\u00a0 w Polsce zostali: Marcin Wojtasik i Micha\u0142 Pulikowski. Wszystkie osoby nale\u017c\u0105ce do Shibu w Polsce s\u0105 bezpo\u015brednimi uczniami S\u014dke.<\/p>\n<p><img loading=\"lazy\" decoding=\"async\" class=\"alignnone wp-image-73 size-full\" src=\"https:\/\/suioryu.pl\/wp-content\/uploads\/2026\/05\/Shibu_nom-768x509-1.jpg\" alt=\"\" width=\"768\" height=\"509\" srcset=\"https:\/\/suioryu.pl\/wp-content\/uploads\/2026\/05\/Shibu_nom-768x509-1.jpg 768w, https:\/\/suioryu.pl\/wp-content\/uploads\/2026\/05\/Shibu_nom-768x509-1-300x199.jpg 300w\" sizes=\"auto, (max-width: 706px) 89vw, (max-width: 767px) 82vw, 740px\" \/><\/p>\n","protected":false},"excerpt":{"rendered":"<p>W marcu 2017 roku podzas jednej z naszych wizyt w Japonii\u00a0 S\u014dke Katsuse Yoshimitsu Kagehiro ustanowi\u0142 w Polsce oficjalne przedstawicielstwo szko\u0142y Sui\u014d-ry\u016b (Shibu). Osobami odpowiedzialnymi za utrzymanie tradycji i organizacj\u0119\u00a0 w Polsce zostali: Marcin Wojtasik i Micha\u0142 Pulikowski. Wszystkie osoby nale\u017c\u0105ce do Shibu w Polsce s\u0105 bezpo\u015brednimi uczniami S\u014dke.<\/p>\n","protected":false},"author":1,"featured_media":0,"parent":0,"menu_order":0,"comment_status":"closed","ping_status":"closed","template":"","meta":{"footnotes":""},"class_list":["post-71","page","type-page","status-publish","hentry"],"_links":{"self":[{"href":"https:\/\/suioryu.pl\/index.php?rest_route=\/wp\/v2\/pages\/71","targetHints":{"allow":["GET"]}}],"collection":[{"href":"https:\/\/suioryu.pl\/index.php?rest_route=\/wp\/v2\/pages"}],"about":[{"href":"https:\/\/suioryu.pl\/index.php?rest_route=\/wp\/v2\/types\/page"}],"author":[{"embeddable":true,"href":"https:\/\/suioryu.pl\/index.php?rest_route=\/wp\/v2\/users\/1"}],"replies":[{"embeddable":true,"href":"https:\/\/suioryu.pl\/index.php?rest_route=%2Fwp%2Fv2%2Fcomments&post=71"}],"version-history":[{"count":4,"href":"https:\/\/suioryu.pl\/index.php?rest_route=\/wp\/v2\/pages\/71\/revisions"}],"predecessor-version":[{"id":76,"href":"https:\/\/suioryu.pl\/index.php?rest_route=\/wp\/v2\/pages\/71\/revisions\/76"}],"wp:attachment":[{"href":"https:\/\/suioryu.pl\/index.php?rest_route=%2Fwp%2Fv2%2Fmedia&parent=71"}],"curies":[{"name":"wp","href":"https:\/\/api.w.org\/{rel}","templated":true}]}}